s q(m)?
-3
Let j(a) = -2*a + a - a + 1. Calculate j(-4).
9
Let n(m) = -m**3 + 4*m**2 + 11*m - 4. Let q(f) = -f**3 + 5*f - 5 + 5*f + 4*f**2 + 1. Let o(r) = -2*n(r) + 3*q(r). What is o(5)?
11
Suppose -5*b + 342 = -13. Let a(i) = -3*i**3 + 67*i**2 - 2 + 2*i**3 - b*i**2. What is a(-3)?
-11
Let j(h) = -h**2 - h + 1. Let l = -4 + 17. Let n be 15/l + 10/(-65). What is j(n)?
-1
Let j(o) = -6*o + 3*o - o**2 + 4*o + 3*o**3 - 3*o - 1. Let c(v) = -v**2 - 4*v + 4. Let z be c(-5). Calculate j(z).
-3
Let j(x) = -x**3 - 5*x**2 - x + 5. Suppose 0 = -d + 20 - 5. Let s be (-5 + d)*(-1)/(-2). Suppose -30 = s*g - 5. Calculate j(g).
10
Let x(w) = -w**3 - 4*w**2 - 3*w - 2. Let j be x(-4). Suppose -m = m + j. Let p(y) = -2*y**3 + 4*y**3 + 5*y**2 + 1 - y**3. Give p(m).
1
Let d be 2/9 - (-2)/(-9). Let h(i) = d*i + i - 2*i. Determine h(-3).
3
Let a(g) = g**3 - 7*g**2 + 6*g + 2. Let o be (4/3)/(60/270). Determine a(o).
2
Let v(k) = k + 4. Let s be v(-4). Let t(c) = -5*c - 5. Let u(b) = 9*b + 11. Let h(x) = 2*x + 1. Let j be h(-4). Let o(n) = j*t(n) - 4*u(n). Calculate o(s).
-9
Let x(u) = -4*u - 12. Let y be x(-10). Let m(n) = 7*n**2 + 24 + n**3 - y + 5*n + 0*n. What is m(-6)?
2
Suppose 2*v = -5*t - 15, -5*v - 2*t = -t + 3. Let n(d) = -d**2 - 1. What is n(v)?
-1
Let k(v) be the second derivative of -v**6/120 - v**5/20 + v**3/6 + 7*v**2/2 + 2*v. Let f(d) be the first derivative of k(d). Give f(-3).
1
Let b(g) = g. Let q be (-1 - -9) + 1 + -2. Let w = 11 - q. Suppose y + 5*v + 4 - 2 = 0, -2*y + w*v = -10. Give b(y).
3
Let g(v) be the second derivative of 1/12*v**4 + 0 - 1/6*v**3 + 0*v**2 + 1/20*v**5 - 3*v. Suppose 0*k = -3*s - 2*k, -s + 5*k - 17 = 0. Give g(s).
-2
Suppose -2*a + 5*i - 4 = 0, 0 = -11*a + 6*a + 5*i + 5. Let j(f) = -f**2 + 2*f + 4. Determine j(a).
1
Let w(b) = -4*b + 1. Let f(n) = -n - 1. Let r(v) = -6*f(v) + w(v). Calculate r(-6).
-5
Let v be (2 + -5)*17/(-3). Let f = v - 11. Suppose -4*g + 5*m + f = -0*g, 2*g + 3*m = -8. Let s(c) = -5*c + 1. What is s(g)?
6
Suppose 0*n = -3*n + 18. Let z(i) be the first derivative of 4*i - 1/3*i**3 + 5/2*i**2 - 12. Give z(n).
-2
Let g(f) = 4*f**2 - f + 1. Let k(d) = -9*d**2 + 3*d - 2. Let v(o) = -7*g(o) - 3*k(o). Let c = 0 - 3. Calculate v(c).
-4
Let s(k) = -k**3 - 6*k**2 - 3*k + 6. Let o be s(-5). Let n = o + 1. Let h be 1*0/n + 2. Let u(t) = t**2 - 1. Determine u(h).
3
Let p(w) = 2*w + w - 4*w**2 - 2*w - w**3 - 2 - 4*w. Calculate p(-2).
-4
Let u(g) = g - 8 + g**2 + 5 - 3*g. Suppose 5*l - 18 = -0*r - 2*r, -3*r + 14 = l. Suppose -4*y = -r*a + 8, 0*a - a + 8 = 2*y. What is u(a)?
5
Let n(i) = -3*i + 1. Let s(m) = 2*m - 2. Let u(k) = -3*n(k) - 4*s(k). What is u(-4)?
1
Let p = -12 - -17. Let a(w) = -w**3 + 4*w**2 + 7*w - 7. Determine a(p).
3
Let q(i) = i**2 - 6*i - 6 - 4 + 3 + 5. Let s = -4 + 6. Suppose -2*c = 2*u - 12, 5*u + s*c - 11 = 10. Determine q(u).
-11
Suppose -2*b + b = 18. Let o be 12/5 - b/(-45). Let d(a) = a**2 - a. Let l(w) = -3*w**2 + 4*w - 2. Let t(z) = 6*d(z) + l(z). Calculate t(o).
6
Let n(r) = -2*r + 3*r - 2*r - 7. Suppose -2 = -3*a + 13. Give n(a).
-12
Suppose 6 = 5*u - 7*u. Let z(g) = -g**2 - 3*g - 2. Determine z(u).
-2
Let p(k) = -7*k**2 + k + 1. Suppose 5*r = 3*q - 15 + 2, -4*r = 2*q + 6. Determine p(q).
-5
Let n = -16 + 17. Let h(c) be the first derivative of -c - 1/2*c**2 - n. Determine h(5).
-6
Suppose 4*n - 5*t = -17, -t = n - 0*t - 7. Let f(d) = 4*d - n*d + 2*d**3 - 2*d**2 + 2 - 5 + 2*d. What is f(2)?
13
Let k(t) = t**3 - 4*t**2 + 2*t - 7. Let m(a) = 5*a**3 - 19*a**2 + 10*a - 34. Let c(d) = -11*k(d) + 2*m(d). Calculate c(6).
-3
Let x(a) = a - 4 - 3*a**2 + 2*a**2 + 0*a**2. Let y(v) = 6*v + 45. Let o be y(-7). What is x(o)?
-10
Let h(m) = 2 + 0 + 233*m**3 - 231*m**3. What is h(2)?
18
Let r(z) = -z**3 + 8*z**2 - 6*z - 6. Suppose 22*c - 14 = 20*c. Calculate r(c).
1
Let a(x) = x**3 + 2*x**2 - x - 3. Let q(n) = n**3 + n**2 - 3. Let s(f) = -4*a(f) + 5*q(f). Let k = 5 + -1. Suppose 0*u + k*u = 12. Determine s(u).
9
Suppose n = 2*n - 11. Let b(t) = 4 - 1 - n*t**3 + 2*t - 4 - 2*t**2. Calculate b(1).
-12
Suppose -3*q - 9 = 0, -3*k + 0*k - 4*q + 15 = 0. Suppose 2*c - k = 3*c + 4*z, -z = 4*c - 9. Let a(n) = -1 + 5*n - 4*n**2 + 0*n - 4*n + n**3 + n. Give a(c).
-4
Let h be (-40)/(-15)*-9*(-1)/4. Let b(z) = z**3 - 5*z**2 - 5*z - 8. What is b(h)?
-2
Suppose -4*o + 0*o - 12 = 0. Let x be 3*-1 - (-6)/o. Let n = 10 + x. Let y(j) = j**2 - 6*j. Determine y(n).
-5
Let z(b) = -b + 5. Let r be z(4). Suppose c - r = 4. Let f(s) = -4*s**2 + 4*s**3 - 3*s**3 - 4*s - 2 - s + 0*s**2. Give f(c).
-2
Let j(p) = 5*p + 7 - 3 - 2. Determine j(-2).
-8
Let l(n) = -4*n - 1. Suppose v + 2*v - 3*z = 117, -219 = -5*v - 3*z. Let y be 72/v - 6/(-21). Determine l(y).
-9
Let m(r) = -r**3 + 3*r**2 - 4. Let p(k) = k**3 - 9*k**2 + k. Let c be p(9). Let w = -6 + c. Give m(w).
-4
Suppose 3 = -2*x - 3. Let g(i) = -4*i - 3. Determine g(x).
9
Suppose -5*a + 3*t - 18 = 0, a - 4*t + 0*t + 7 = 0. Let d(c) = 2 + 0*c**3 + c + 0*c**3 - 3*c**2 + c**3 - 2*c**3. Determine d(a).
-1
Suppose 2*h - 21 = -h. Let n(q) = -q**2 + 6*q + 7. Determine n(h).
0
Let s be (-74)/(-5) + (-1)/(-5). Let l = s - 18. Let x(p) be the second derivative of p**4/12 + p**3/3 + 3*p**2/2 + p. Calculate x(l).
6
Let n(x) = -x**3 - 3*x**2 - x + 1. Suppose -8 = 2*t - 4*i - 0, -3*t - 3 = -3*i. Suppose -5*u + 3*m + t = 0, -u + 3*m = 4*m + 6. Determine n(u).
-1
Let f = 5 + -3. Let q(d) = -6*d**2 - 7*d + 6. Let s(l) = l**2 + l - 1. Let p(b) = -2*q(b) - 14*s(b). Calculate p(f).
-6
Let h be ((-198)/(-55) + (-6)/10)/3. Let i(q) = -q**2 - 1. Give i(h).
-2
Let r(g) = 6*g**2 - 5*g. Let f(j) = 7*j**2 - 5*j - 1. Let p(u) = -5*f(u) + 6*r(u). Calculate p(4).
1
Let n(y) = -y**3 - y**2 + 4*y + 3. Let t(a) = -a**3 + a - 3. Let c be t(0). Let z(h) = -2*h**2 + h + 1. Let l be z(2). Let s = l - c. What is n(s)?
-1
Let y(q) be the second derivative of 2*q + 3/2*q**2 + 11/24*q**4 + 0 - 1/6*q**3. Let o(j) be the first derivative of y(j). Give o(-1).
-12
Let x(v) = v**3 - 26*v**2 + 47*v + 26. Let h be x(24). Let q(u) be the second derivative of 1/4*u**4 - 4*u + 0 + 0*u**h - 1/2*u**3. What is q(2)?
6
Let k(u) be the second derivative of u**3/3 + 7*u**2/2 - u. Let l = 204 + -210. Give k(l).
-5
Let b be -5*(0 + (-9)/15). Suppose -5*v = -b*i + 13, 0*i + i - 2*v = 5. Let z(r) = -5*r**2 - 1. What is z(i)?
-6
Let n(s) = 4*s + 11. Let m(z) = -7*z - 23. Let l(k) = -6*m(k) - 14*n(k). Let x(u) = 3*u + 3. Let w(d) = -2*l(d) - 11*x(d). Calculate w(2).
-11
Let b(c) = -2*c**2 - 1. Let o be b(1). Let v(t) = -t**3 - 4*t**2 - 3*t - 2. Give v(o).
-2
Let r = -8 + 5. Let t be 4 + -3 + r - 0. Let k be (3/9)/(t/30). Let g(c) = -c + 2. Determine g(k).
7
Let l(w) be the second derivative of w**4/12 + w**3/2 + 10*w. What is l(-4)?
4
Let d = 3 - 1. Let l(j) = j**2 - 5*j. Let x(m) = m. Let o(n) = -l(n) - 5*x(n). What is o(d)?
-4
Let u = -6 + 10. Suppose 8*i = 7*i + 2. Let z(x) = i*x - 5 + 0 + 0*x - u. Give z(6).
3
Let b be 3 - ((-9)/3 - 1). Suppose -w = -b + 15. Let r(v) = -v**3 - 9*v**2 - 8*v - 1. Determine r(w).
-1
Let u(t) = -3 - 3 - t - t - 2. Suppose -5*j - 28 = 2. Determine u(j).
4
Let k(n) = n**2 - 7*n + 6. Let v be k(6). Suppose -3*y - 6*b + b + 19 = v, 0 = 2*y - 3*b. Let z(u) = -y*u**2 + 3 - 2*u - u + 6*u**2 + u**3. Determine z(-4).
-1
Suppose 0 = -4*z + 3*z - 2*r + 22, 40 = 5*z - 4*r. Let f be (z/(-8))/(3/8). Let a(h) = -h - h**3 - 9 - 3*h - 5*h**2 + 3. Give a(f).
-6
Let t(o) = -4*o**2 + 10*o**2 - 5 + 2*o**3 - 7*o - 3*o**3 + 2*o**2. Determine t(7).
-5
Let j(t) be the first derivative of -t**7/840 + t**6/120 + t**5/40 - t**4/24 + t**3/3 + 7. Let p(z) be the third derivative of j(z). Determine p(4).
-5
Suppose -5*t + 62 - 32 = 0. Let d(a) = a**3 - 7*a**2 + 5*a + 2. What is d(t)?
-4
Suppose -2*l + 2*z + 5 = 1, -2*z + 24 = 5*l. Let r = l + 0. Let f(m) = m**3 - 4*m**3 - 5*m - r + 2*m**3 + 7*m**2. Determine f(6).
2
Let d be 12/(-6)*(-1)/6. Let l(g) be the first derivative of -2*g + 2*g**2 + d*g**3 + 2. Calculate l(-4).
-2
Suppose -4*t = -2*p + 16, -4*t + 5 = 17. Let y(r) = -r - 3*r + 12*r**p - 4*r**2 + 5*r. Determine y(1).
9
Let t(u) = u - 15. Let s(n) = -5. Suppose 3*k - 3 = 4*k. Let f(o) = k*t(o) + 8*s(o). What is f(5)?
-10
Let f(h) be the second derivative of 3/2*h**2 - 9*h + 0 + 0*h**3 + 1/20*h**5 + 5/12*h**4. Determine f(-5).
3
Let s